Does 10 divide 960?
True
Does 51 divide 306?
True
Does 59 divide 11918?
True
Does 49 divide 343?
True
Is 14 a factor of 419?
False
Does 7 divide 2051?
True
Is 160 a factor of 3840?
True
Does 119 divide 93177?
True
Is 2689 a multiple of 163?
False
Does 40 divide 22209?
False
Is 43 a factor of 51428?
True
Is 1525 a multiple of 61?
True
Does 62 divide 1101?
False
Is 3083 a multiple of 17?
False
Is 4 a factor of 5562?
False
Is 2604 a multiple of 14?
True
Is 3 a factor of 2522?
False
Is 14 a factor of 1696?
False
Is 130 a multiple of 6?
False
Is 57 a factor of 25742?
False
Does 20 divide 1080?
True
Does 19 divide 4522?
True
Does 21 divide 113?
False
Does 94 divide 327?
False
Is 5372 a multiple of 34?
True
Is 140 a multiple of 5?
True
Is 60 a factor of 6288?
False
Is 90467 a multiple of 13?
True
Is 1190 a multiple of 46?
False
Is 13949 a multiple of 13?
True
Is 5954 a multiple of 13?
True
Is 12493 a multiple of 2?
False
Does 23 divide 4087?
False
Is 177 a factor of 34515?
True
Is 83 a factor of 3654?
False
Is 19 a factor of 190?
True
Does 21 divide 1112?
False
Is 4830 a multiple of 15?
True
Is 251 a factor of 20370?
False
Is 1768 a multiple of 52?
True
Is 34 a factor of 34?
True
Does 44 divide 84084?
True
Is 4824 a multiple of 24?
True
Is 4 a factor of 107?
False
Does 16 divide 528?
True
Does 4 divide 80?
True
Is 20 a factor of 85782?
False
Does 5 divide 915?
True
Does 35 divide 2100?
True
Is 950 a multiple of 38?
True
Does 98 divide 6118?
False
Is 8 a factor of 88025?
False
Does 65 divide 12695?
False
Is 168 a multiple of 24?
True
Is 1225 a multiple of 45?
False
Is 14364 a multiple of 76?
True
Does 2 divide 12037?
False
Does 39 divide 1943?
False
Is 19 a factor of 7866?
True
Does 4 divide 7576?
True
Is 324 a multiple of 30?
False
Is 1360 a multiple of 4?
True
Does 17 divide 2533?
True
Is 37108 a multiple of 4?
True
Does 26 divide 47560?
False
Does 83 divide 2075?
True
Does 17 divide 245?
False
Does 97 divide 2715?
False
Does 21 divide 32214?
True
Is 23 a factor of 2933?
False
Is 191 a multiple of 24?
False
Is 30900 a multiple of 103?
True
Is 12 a factor of 564?
True
Is 1287 a multiple of 13?
True
Is 4 a factor of 160?
True
Is 13041 a multiple of 13?
False
Does 135 divide 27675?
True
Is 155997 a multiple of 13?
False
Does 5 divide 1310?
True
Is 4 a factor of 3464?
True
Is 3186 a multiple of 177?
True
Does 146 divide 16437?
False
Is 94940 a multiple of 89?
False
Is 155 a multiple of 11?
False
Is 31 a factor of 14942?
True
Does 15 divide 51011?
False
Is 144 a multiple of 9?
True
Is 8 a factor of 412?
False
Is 114 a factor of 39102?
True
Is 31 a factor of 418?
False
Does 4 divide 664?
True
Is 26344 a multiple of 148?
True
Does 42 divide 3402?
True
Does 17 divide 45777?
False
Is 2740 a multiple of 77?
False
Does 57 divide 10120?
False
Is 238 a multiple of 56?
False
Is 19 a factor of 475?
True
Is 41 a factor of 4690?
False
Is 108 a factor of 4320?
True
Is 15884 a multiple of 38?
True
Is 9 a factor of 6867?
True
Is 6312 a multiple of 15?
False
Is 26 a factor of 126?
False
Is 21715 a multiple of 22?
False
Is 4601 a multiple of 107?
True
Does 9 divide 99?
True
Is 701 a multiple of 8?
False
Is 366 a multiple of 43?
False
Is 60 a factor of 508?
False
Is 2 a factor of 340?
True
Is 30 a factor of 90?
True
Is 12627 a multiple of 13?
False
Is 960 a multiple of 96?
True
Does 10 divide 62330?
True
Is 4894 a multiple of 10?
False
Is 15 a factor of 6195?
True
Is 3 a factor of 1095?
True
Does 66 divide 3475?
False
Is 89 a factor of 10235?
True
Is 16 a factor of 21498?
False
Is 11 a factor of 418?
True
Is 22 a factor of 44?
True
Does 44 divide 926?
False
Is 325 a multiple of 13?
True
Does 19 divide 379?
False
Does 44 divide 2508?
True
Is 5878 a multiple of 46?
False
Is 1863 a multiple of 207?
True
Is 969 a multiple of 57?
True
Is 1327 a multiple of 3?
False
Is 1351 a multiple of 44?
False
Does 5 divide 8003?
False
Is 1064 a multiple of 76?
True
Is 480 a multiple of 3?
True
Does 7 divide 2366?
True
Does 14 divide 590?
False
Is 5181 a multiple of 8?
False
Is 232 a multiple of 8?
True
Does 3 divide 1155?
True
Does 15 divide 225?
True
Is 20 a factor of 25760?
True
Is 8 a factor of 12990?
False
Does 3 divide 2157?
True
Is 110883 a multiple of 21?
False
Is 15 a factor of 2175?
True
Does 44 divide 7832?
True
Does 5 divide 34700?
True
Is 10340 a multiple of 120?
False
Is 128 a multiple of 32?
True
Is 8 a factor of 102?
False
Is 30954 a multiple of 231?
True
Is 1428 a multiple of 28?
True
Is 15 a factor of 32655?
True
Does 21 divide 5646?
False
Is 31 a factor of 2790?
True
Is 37440 a multiple of 45?
True
Is 9840 a multiple of 20?
True
Is 19 a factor of 2322?
False
Is 26145 a multiple of 9?
True
Does 18 divide 27000?
True
Is 512 a multiple of 32?
True
Is 8 a factor of 440?
True
Is 26 a factor of 39260?
True
Is 3 a factor of 298?
False
Is 87 a factor of 57958?
False
Does 12 divide 3046?
False
Does 13 divide 3718?
True
Is 35725 a multiple of 4?
False
Is 1387 a multiple of 29?
False
Is 7 a factor of 798?
True
Is 76 a factor of 2459?
False
Does 6 divide 444?
True
Is 7182 a multiple of 133?
True
Is 2312 a multiple of 34?
True
Is 305 a multiple of 61?
True
Is 1197 a multiple of 9?
True
Does 43 divide 5691?
False
Is 204 a multiple of 6?
True
Is 14859 a multiple of 39?
True
Is 2856 a multiple of 56?
True
Does 7 divide 13251?
True
Does 6 divide 149?
False
Is 650 a multiple of 26?
True
Does 59 divide 1833?
False
Is 62 a factor of 16666?
False
Is 119 a factor of 2847?
False
Does 29 divide 816?
False
Is 12 a factor of 204?
True
Is 1914 a multiple of 66?
True
Does 9 divide 856?
False
Is 93 a factor of 76609?
False
Does 25 divide 10050?
True
Is 21 a factor of 7442?
False
Is 6450 a multiple of 18?
False
Is 1389 even?
False
Does 34 divide 17635?
False
Does 22 divide 7194?
True
Does 102 divide 289?
False
Does 28 divide 26185?
False
Is 94 a factor of 1316?
True
Does 6 divide 259?
False
Is 466 a multiple of 28?
False
Is 93 a factor of 1271?
False
Is 9315 a multiple of 198?
False
Does 61 divide 784?
False
Is 5 a factor of 70?
True
Does 76 divide 4471?
False
Is 857 a multiple of 134?
False
Is 15104 a multiple of 59?
True
Does 103 divide 2369?
True
Is 59034 a multiple of 11?
False
Does 4 divide 28604?
True
Is 11 a factor of 1719?
False
Does 7 divide 1603?
True
Is 48060 a multiple of 20?
True
Is 13 a factor of 4745?
True
Does 47 divide 752?
True
Is 1285 a multiple of 34?
False
Is 30509 a multiple of 28?
False
Is 4851 a multiple of 12?
False
Is 16 a factor of 153104?
True
Is 70 a multiple of 16?
False
Is 2349 a multiple of 51?
False
Is 249 a multiple of 25?
False
Is 490 a multiple of 70?
True
Is 211 a multiple of 16?
False
Is 1637 a multiple of 61?
False
Is 21666 a multiple of 11?
False
Is 105106 a multiple of 119?
False
Is 29 a factor of 64206?
True
Does 133 divide 33117?
True
Is 10919 a multiple of 179?
True
Does 6 divide 420?
True
Is 20 a factor of 5675?
False
Is 7 a factor of 1468?
False
Does 25 divide 3400?
True
Is 11369 a multiple of 18?
False
Is 11022 a multiple of 22?
True
Is 3 a factor of 720?
True
Does 4 divide 56?
True
Is 39 a multiple of 2?
False
Does 86 divide 20296?
True
Is 144 a factor of 1020?
False
Is 26 even?
True
Is 3280 a multiple of 14?
False
Is 3560 a multiple of 12?
False
Does 49 divide 9864?
False
Is 36 a factor of 1908?
True
Does 16 divide 144?
True
Is 1974 a multiple of 21?
True
Does 38 divide 1976?
True
Does 3 divide 679?
False
Is 10 a factor of 832?
False
Does 11 divide 15158?
True
Is 27 a factor of 270?
True
Does 141 divide 8497?
False
Is 26 a factor of 1378?
True
Is 2266 a multiple of 19?
False
Does 180 divide 6301?
False
Does 17 divide 41582?
True
Does 148 divide 10804?
True
Is 14 a factor of 28056?
True
Is 84 a factor of 23688?
True
Is 94620 a multiple of 83?
True
Does 42 divide 1011?
False
Is 67 a factor of 737?
True
Is 16435 a multiple of 173?
True
Is 918 a multiple of 9?
True
Is 5832 a multiple of 14?
False
Does 19 divide 38?
True
Is 94 a factor of 2319?
False
Is 432 a multiple of 18?
True
Is 91 a factor of 34307?
True
Is 17 a factor of 1433?
False
Is 10 a factor of 4731?
False
Does 65 divide 568?
False
Is 69 a factor of 1518?
True
Does 7 divide 2717?
False
Is 41833 a multiple of 71?
False
Is 1309 a multiple of 17?
True
Does 11 divide 1747?
False
Is 22 a factor o